der when 4211 is divided by 780?
311
What is the remainder when 128 is divided by 124?
4
Calculate the remainder when 45982 is divided by 96.
94
Calculate the remainder when 370661 is divided by 185329.
3
What is the remainder when 919867 is divided by 164?
155
What is the remainder when 69883 is divided by 187?
132
Calculate the remainder when 47274 is divided by 106.
104
What is the remainder when 8146 is divided by 94?
62
Calculate the remainder when 201091 is divided by 588.
583
Calculate the remainder when 5796 is divided by 35.
21
What is the remainder when 2203 is divided by 7?
5
What is the remainder when 1405 is divided by 297?
217
Calculate the remainder when 143364 is divided by 1792.
4
Calculate the remainder when 91713 is divided by 637.
622
What is the remainder when 582 is divided by 484?
98
What is the remainder when 4254 is divided by 2095?
64
Calculate the remainder when 5096 is divided by 633.
32
What is the remainder when 23087 is divided by 33?
20
What is the remainder when 66850 is divided by 66800?
50
What is the remainder when 1587 is divided by 317?
2
What is the remainder when 353707 is divided by 94?
79
What is the remainder when 12383 is divided by 132?
107
Calculate the remainder when 111751 is divided by 22341.
46
Calculate the remainder when 283 is divided by 65.
23
What is the remainder when 4875 is divided by 16?
11
Calculate the remainder when 6173 is divided by 10.
3
What is the remainder when 342299 is divided by 563?
558
What is the remainder when 9551 is divided by 1709?
1006
What is the remainder when 8419 is divided by 9?
4
Calculate the remainder when 190412 is divided by 47598.
20
What is the remainder when 17977 is divided by 8979?
19
What is the remainder when 95285 is divided by 3?
2
Calculate the remainder when 222646 is divided by 25.
21
What is the remainder when 2013 is divided by 498?
21
Calculate the remainder when 631 is divided by 595.
36
What is the remainder when 1060302 is divided by 4?
2
Calculate the remainder when 2211 is divided by 342.
159
What is the remainder when 961537 is divided by 211?
10
Calculate the remainder when 35800 is divided by 27.
25
What is the remainder when 1180528 is divided by 195?
193
What is the remainder when 175371 is divided by 3507?
21
What is the remainder when 60124 is divided by 124?
108
Calculate the remainder when 5596 is divided by 206.
34
Calculate the remainder when 494091 is divided by 96.
75
Calculate the remainder when 10541 is divided by 77.
69
Calculate the remainder when 175083 is divided by 361.
359
Calculate the remainder when 195707 is divided by 282.
281
What is the remainder when 1069 is divided by 146?
47
Calculate the remainder when 795 is divided by 397.
1
Calculate the remainder when 1511 is divided by 310.
271
Calculate the remainder when 30033 is divided by 613.
609
What is the remainder when 54843 is divided by 554?
551
Calculate the remainder when 1264 is divided by 386.
106
What is the remainder when 391493 is divided by 391481?
12
Calculate the remainder when 1945 is divided by 1898.
47
Calculate the remainder when 8935 is divided by 406.
3
What is the remainder when 2592 is divided by 2494?
98
What is the remainder when 10552 is divided by 1537?
1330
Calculate the remainder when 2406 is divided by 211.
85
What is the remainder when 3825 is divided by 87?
84
Calculate the remainder when 17588 is divided by 13.
12
Calculate the remainder when 100389 is divided by 326.
307
Calculate the remainder when 5404 is divided by 234.
22
Calculate the remainder when 7788 is divided by 12.
0
What is the remainder when 1367 is divided by 161?
79
Calculate the remainder when 4306 is divided by 80.
66
What is the remainder when 423 is divided by 84?
3
Calculate the remainder when 17245 is divided by 617.
586
What is the remainder when 51378 is divided by 5707?
15
Calculate the remainder when 168575 is divided by 446.
433
What is the remainder when 1486 is divided by 1459?
27
Calculate the remainder when 112 is divided by 97.
15
What is the remainder when 4812 is divided by 286?
236
What is the remainder when 1629 is divided by 1613?
16
What is the remainder when 1410508 is divided by 470167?
7
Calculate the remainder when 1706 is divided by 182.
68
What is the remainder when 4160 is divided by 50?
10
What is the remainder when 584090 is divided by 146020?
10
What is the remainder when 18190 is divided by 139?
120
What is the remainder when 179281 is divided by 135?
1
Calculate the remainder when 35316 is divided by 1470.
36
What is the remainder when 3282 is divided by 3159?
123
What is the remainder when 46396 is divided by 145?
141
What is the remainder when 30178 is divided by 35?
8
What is the remainder when 14107 is divided by 371?
9
Calculate the remainder when 3147 is divided by 218.
95
What is the remainder when 5980 is divided by 2963?
54
Calculate the remainder when 5701 is divided by 260.
241
Calculate the remainder when 10042 is divided by 149.
59
What is the remainder when 356664 is divided by 240?
24
Calculate the remainder when 166103 is divided by 26.
15
What is the remainder when 22112 is divided by 4411?
57
Calculate the remainder when 22315 is divided by 11150.
15
What is the remainder when 126110 is divided by 381?
380
Calculate the remainder when 4190 is divided by 35.
25
Calculate the remainder when 66640 is divided by 22165.
145
What is the remainder when 754 is divided by 76?
70
What is the remainder when 184763 is divided by 3?
2
What is the remainder when 5429 is divided by 539?
39
What is the remainder when 38180 is divided by 199?
171
What is the remainder when 6864 is divided by 30?
24
What is the remainder when 54061 is divided by 143?
7
Calculate the remainder when 187367 is divided by 211.
210
What is the remainder when 398461 is divided by 704?
701
What is the remainder when 10370 is divided by 3295?
485
Calculate the remainder when 1193287 is divided by 52.
43
Calculate the remainder when 2078894 is divided by 21.
20
What is the remainder when 26938 is divided by 6723?
46
Calculate the remainder when 667077 is divided by 18.
15
Calculate the remainder when 2363 is divided by 494.
387
Calculate the remainder when 26179 is divided by 140.
139
Calculate the remainder when 14559 is divided by 104.
103
Calculate the remainder when 1127816 is divided by 1067.
1064
What is the remainder when 5946 is divided by 15?
6
What is the remainder when 65266 is divided by 102?
88
What is the remainder when 1326 is divided by 22?
6
Calculate the remainder when 601648 is divided by 350.
348
What is the remainder when 1145 is divided by 539?
67
What is the remainder when 15117 is divided by 793?
50
What is the remainder when 545 is divided by 266?
13
What is the remainder when 339667 is divided by 90?
7
What is the remainder when 247439 is divided by 13?
10
What is the remainder when 10297 is divided by 3418?
43
What is the remainder when 326322 is divided by 105?
87
Calculate the remainder when 76836 is divided by 38416.
4
What is the remainder when 247502 is divided by 82490?
32
Calculate the remainder when 15449 is divided by 95.
59
Calculate the remainder when 78979 is divided by 182.
173
Calculate the remainder when 22895 is divided by 53.
52
Calculate the remainder when 751491 is divided by 3296.
3
What is the remainder when 11392 is divided by 3776?
64
Calculate the remainder when 14139 is divided by 132.
15
Calculate the remainder when 4504 is divided by 491.
85
What is the remainder when 9269 is divided by 57?
35
What is the remainder when 2461 is divided by 245?
11
Calculate the remainder when 31 is divided by 15.
1
Calculate the remainder when 6276 is divided by 118.
22
Calculate the remainder when 1693 is divided by 745.
203
Calculate the remainder when 3999 is divided by 303.
60
Calculate the remainder when 30208 is divided by 7348.
816
Calculate the remainder when 965998 is divided by 368.
366
Calculate the remainder when 1670 is divided by 122.
84
What is the remainder when 2259 is divided by 26?
23
Calculate the remainder when 30475 is divided by 14.
11
Calculate the remainder when 3692 is divided by 1228.
8
What is the remainder when 144571 is divided by 337?
335
What is the remainder when 6570 is divided by 